{"id":1987,"date":"2022-08-13T16:58:08","date_gmt":"2022-08-13T14:58:08","guid":{"rendered":"https:\/\/www.vieste.it\/tour\/?page_id=1987"},"modified":"2022-08-14T11:38:22","modified_gmt":"2022-08-14T09:38:22","slug":"santa-maria-di-leuca-cosa-vedere","status":"publish","type":"page","link":"https:\/\/www.vieste.it\/tour\/santa-maria-di-leuca-cosa-vedere\/","title":{"rendered":"Santa Maria di Leuca cosa vedere"},"content":{"rendered":"<p><img loading=\"lazy\" decoding=\"async\" class=\"aligncenter wp-image-2002\" src=\"https:\/\/www.vieste.it\/tour\/wp-content\/uploads\/2022\/08\/ciolo-santa-maria-di-leuca-300x153.jpg\" alt=\"Da vedere le meravigliose acque del Ciolo a Santa Maria di Leuca\" width=\"863\" height=\"440\" srcset=\"https:\/\/www.vieste.it\/tour\/wp-content\/uploads\/2022\/08\/ciolo-santa-maria-di-leuca-300x153.jpg 300w, https:\/\/www.vieste.it\/tour\/wp-content\/uploads\/2022\/08\/ciolo-santa-maria-di-leuca-1024x521.jpg 1024w, https:\/\/www.vieste.it\/tour\/wp-content\/uploads\/2022\/08\/ciolo-santa-maria-di-leuca.jpg 1200w\" sizes=\"auto, (max-width: 863px) 100vw, 863px\" \/><\/p>\n<p>A <strong>Santa Maria di Leuca<\/strong> siete sul punto pi\u00f9 meridionale del <em>tacco dello stivale<\/em>, dove \u00e8 possibile vedere l&#8217; incontro del mare Adriatico con il mar Ionio, qui \u00e8 forte l&#8217;odore del mare e l&#8217;umidit\u00e0 sulla pelle. Siete nella zona che i romani chiamavano <em>finis terrae<\/em>, la fine della terra, la posizione esatta \u00e8 segnata dal <strong>santuario di Maria de Finibus Terrae<\/strong>.<\/p>\n<p>Superato, <strong>Cagliano del Capo <\/strong>\u00a0nella <a href=\"https:\/\/www.vieste.it\/puglia\/penisola-salentina.htm\" target=\"_self\" rel=\"noopener noreferrer\"><strong>penisola salentina<\/strong><\/a><strong>,<\/strong> che nel 1547 sub\u00ec una terribile incursione da parte dei pirati, ecco la candida borgata di <strong>Leuca<\/strong>, distesa in una dolce insenatura al riparo del promontorio che costituisce l&#8217;estrema punta dello\u00a0 <em>Sperone d&#8217;Italia<\/em>.<\/p>\n<h2>Cosa vedere e cosa fare a Santa Maria di Leuca in vacanza<\/h2>\n<div class='content-column two_third'><p>Stupenda \u00e8 la sommit\u00e0 del capo, l&#8217;antico <em>Iapygium Promontorium<\/em>, con l&#8217;altissimo <strong>faro\u00a0<\/strong> e con\u00a0 il <strong>Santuario<\/strong> di <strong>Santa Maria di Leuca<\/strong> che con una scalinata di 184 gradini collega la Basilica al sottostante <strong>porto<\/strong> facendo da cornice all&#8217; <strong>Acquedotto Puglies<\/strong>e che, terminando a Leuca, sfocia poi in mare.<\/p>\n<p>Il <strong>santuario<\/strong>, sorto sul posto di un <strong>tempio di Minerva<\/strong>, \u00e8 chiamato anche de <em>Finibus Terrae<\/em>, che significa \u00ab <em>ai confini della Terra<\/em> \u00bb. Esso \u00e8 meta di frequenti <strong>pellegrinaggi<\/strong>. Il popolo ritiene che, non facendo una visita al <strong>santuario<\/strong> mentre si \u00e8 vivi, si dovrebbe farla dopo la morte per avere accesso al Regno dei Cieli.<\/p>\n<p>Il <strong>Faro<\/strong> di <strong>Santa Maria di Leuca<\/strong> \u00e8 situato sulla <strong>Punta Meliso<\/strong>, fu costruito su una torre cinquecentesca,\u00a0 si erge a pi\u00f9 di 100 metri dal livello del <strong>mare<\/strong>, una scala a chiocciola permette l&#8217;accesso al terrazzo, dove \u00e8 possibile nelle giornate limpide scorgere <strong>Corf\u00f9<\/strong>, e la <strong>Calabria<\/strong>, emette un raggio visibile\u00a0 a pi\u00f9 di 40 chilometri di distanza.<\/p><\/div><div class='content-column one_third last_column'>.<img loading=\"lazy\" decoding=\"async\" src=\"https:\/\/www.vieste.it\/puglia\/colonna-acquedotto-pugliese.jpg\" alt=\"Colonna eretta al compimento dell' Acquedotto Pugliese a Santa maria di Leuca\" width=\"400\" height=\"540\" border=\"6\" \/><\/p>\n<p>Una <strong>colonna<\/strong> sul piazzale del <strong>Capo<\/strong> indica il luogo dove, a quanto si narra, sbarc\u00f2 <strong>San Pietro<\/strong> di ritorno dall&#8217; <strong>Oriente<\/strong><\/p><\/div><div class='clear_column'><\/div><\/p>\n<p><strong>\u00a0<\/strong><\/p>\n<p>Poco lontano, un&#8217;altra colonna eretta nel 1939 ricorda il compimento dell&#8217; <strong> Acquedotto Pugliese.<\/strong><\/p>\n<p>La <strong>baia<\/strong> di <strong>Leuca<\/strong>, frequentata in estate da numerosi bagnanti, richiama in vari periodi dell&#8217;anno sportivi di ogni paese d&#8217;Italia per <strong> competizioni veliche<\/strong> e <strong>gare di pesca subacquea<\/strong>.<\/p>\n<h3>Attivit\u00e0 a Santa Maria di Leuca<\/h3>\n<div class='content-column two_third'><p><strong>Escursioni in barca &#8211;<\/strong> Partono dal porticciolo lungo le <strong>\u00a0coste rocciose<\/strong> e raggiungono varie <strong>grotte marine<\/strong> come quella del <strong>Diavolo<\/strong>, del <strong>Presepe<\/strong>, del <strong>Fiume<\/strong>, delle <strong>Tre Porte<\/strong>, dei <strong>Giganti,<\/strong> della <strong>Stalla<\/strong>, del <strong>Drago<\/strong>.<\/p>\n<p><strong>Immersioni e snorkelling &#8211;<\/strong> Con immersioni nelle grotte o nei relitti delle navi con ogni anno con nuovi punti di immersione.<\/p>\n<p><strong>Vela-<\/strong> Per imparare ad andare a vela con corsi\u00a0 per adulti e per bambini, con disponibilit\u00e0 delle barche a vela con cui fare le escursioni.<\/p><\/div><div class='content-column one_third last_column'><p><img loading=\"lazy\" decoding=\"async\" src=\"https:\/\/www.vieste.it\/puglia\/grotta-treporte.jpg\" alt=\"Grotta Tre Porte a Santa Maria di Leuca\" width=\"400\" height=\"353\" border=\"0\" \/><\/p>\n<p>Ingresso della<strong> grotta Tre Porte<\/strong> a Santa Maria di Leuca<\/p>\n<p><strong><\/div><div class='clear_column'><\/div><\/strong><\/p>\n<h2>Le spiagge pi\u00f9 belle<\/h2>\n<div class=\"jss42 jss52\">\n<p class=\"MuiTypography-root false MuiTypography-body2 MuiTypography-alignJustify\">Lungo le scogliere della Baia di Santa Maria di Leuca c&#8217;erano le <em>capanne<\/em> di legno (dette anche <em>bagnarole<\/em>),\u00a0 che proteggevano la privacy delle signore ricche che\u00a0 in estate facevano il bagno.\u00a0 Oggi si susseguono sul lungomare, invece gli stabilimenti balneari ben attrezzati. Uno dei preferiti \u00e8 <strong>Samarinda Fine Beach<\/strong> (tel 3921950465\/393 3388455; \u00a0<a href=\"http:\/\/samarindafinebeach.it\/\">Samarinda fine beach leuca<\/a>; Lungomare Cristoforo Colombo), in quanto dispone di un&#8217;ampia piattaforma e di un comodo punto di accesso al mare.<\/p>\n<p class=\"MuiTypography-root false MuiTypography-body2 MuiTypography-alignJustify\">A circa 6 km a nord di Leuca, accanto a Gib\u00f2 un&#8217;esclusiva struttura in pietra, con terrazze affacciate sul mare e discoteca trendy, si trova anche <strong>Ciolo<\/strong> una caletta di ciottoli \u00e8 raggiungibile con gradini di pietra e incastonato tra le alte pareti del canyon che si estende da Galliano del Capo\u00a0 fino al mare.\u00a0 Nei pressi della spiaggia \u00e8 presente la <strong>Grotta del Ciolo<\/strong>, visibitale solo dal mare.<\/p>\n<\/div>\n<div class=\"jss44\"><\/div>\n","protected":false},"excerpt":{"rendered":"<p>A Santa Maria di Leuca siete sul punto pi\u00f9 meridionale del tacco dello stivale, dove \u00e8 possibile vedere l&#8217; incontro del mare Adriatico con il mar Ionio, qui \u00e8 forte l&#8217;odore del mare e l&#8217;umidit\u00e0 sulla pelle. Siete nella zona che i romani chiamavano finis terrae, la fine della terra, la posizione esatta \u00e8 segnata &hellip;<\/p>\n<p class=\"read-more\"> <a class=\"\" href=\"https:\/\/www.vieste.it\/tour\/santa-maria-di-leuca-cosa-vedere\/\"> <span class=\"screen-reader-text\">Santa Maria di Leuca cosa vedere<\/span> Leggi altro &raquo;<\/a><\/p>\n","protected":false},"author":1,"featured_media":0,"parent":0,"menu_order":0,"comment_status":"closed","ping_status":"closed","template":"","meta":{"site-sidebar-layout":"default","site-content-layout":"default","ast-main-header-display":"","ast-hfb-above-header-display":"","ast-hfb-below-header-display":"","ast-hfb-mobile-header-display":"","site-post-title":"","ast-breadcrumbs-content":"","ast-featured-img":"","footer-sml-layout":"","theme-transparent-header-meta":"default","adv-header-id-meta":"","stick-header-meta":"","header-above-stick-meta":"","header-main-stick-meta":"","header-below-stick-meta":"","footnotes":""},"class_list":["post-1987","page","type-page","status-publish","hentry"],"yoast_head":"<!-- This site is optimized with the Yoast SEO plugin v26.6 - https:\/\/yoast.com\/wordpress\/plugins\/seo\/ -->\n<title>Santa Maria di Leuca cosa vedere - Vieste e dintorni<\/title>\n<meta name=\"description\" content=\"A Santa Maria di Leuca che si trova sul punto pi\u00f9 meridionale della Puglia, \u00e8 possibile vedere l&#039;incontro del mare Adriatico con il mar Ionio\" \/>\n<meta name=\"robots\" content=\"index, follow, max-snippet:-1, max-image-preview:large, max-video-preview:-1\" \/>\n<link rel=\"canonical\" href=\"https:\/\/www.vieste.it\/tour\/santa-maria-di-leuca-cosa-vedere\/\" \/>\n<meta property=\"og:locale\" content=\"it_IT\" \/>\n<meta property=\"og:type\" content=\"article\" \/>\n<meta property=\"og:title\" content=\"Santa Maria di Leuca cosa vedere - Vieste e dintorni\" \/>\n<meta property=\"og:description\" content=\"A Santa Maria di Leuca che si trova sul punto pi\u00f9 meridionale della Puglia, \u00e8 possibile vedere l&#039;incontro del mare Adriatico con il mar Ionio\" \/>\n<meta property=\"og:url\" content=\"https:\/\/www.vieste.it\/tour\/santa-maria-di-leuca-cosa-vedere\/\" \/>\n<meta property=\"og:site_name\" content=\"Vieste e dintorni\" \/>\n<meta property=\"article:modified_time\" content=\"2022-08-14T09:38:22+00:00\" \/>\n<meta property=\"og:image\" content=\"https:\/\/www.vieste.it\/tour\/wp-content\/uploads\/2022\/08\/ciolo-santa-maria-di-leuca-300x153.jpg\" \/>\n<meta name=\"twitter:card\" content=\"summary_large_image\" \/>\n<meta name=\"twitter:label1\" content=\"Tempo di lettura stimato\" \/>\n\t<meta name=\"twitter:data1\" content=\"3 minuti\" \/>\n<script type=\"application\/ld+json\" class=\"yoast-schema-graph\">{\"@context\":\"https:\/\/schema.org\",\"@graph\":[{\"@type\":\"WebPage\",\"@id\":\"https:\/\/www.vieste.it\/tour\/santa-maria-di-leuca-cosa-vedere\/\",\"url\":\"https:\/\/www.vieste.it\/tour\/santa-maria-di-leuca-cosa-vedere\/\",\"name\":\"Santa Maria di Leuca cosa vedere - Vieste e dintorni\",\"isPartOf\":{\"@id\":\"https:\/\/www.vieste.it\/tour\/#website\"},\"primaryImageOfPage\":{\"@id\":\"https:\/\/www.vieste.it\/tour\/santa-maria-di-leuca-cosa-vedere\/#primaryimage\"},\"image\":{\"@id\":\"https:\/\/www.vieste.it\/tour\/santa-maria-di-leuca-cosa-vedere\/#primaryimage\"},\"thumbnailUrl\":\"https:\/\/www.vieste.it\/tour\/wp-content\/uploads\/2022\/08\/ciolo-santa-maria-di-leuca-300x153.jpg\",\"datePublished\":\"2022-08-13T14:58:08+00:00\",\"dateModified\":\"2022-08-14T09:38:22+00:00\",\"description\":\"A Santa Maria di Leuca che si trova sul punto pi\u00f9 meridionale della Puglia, \u00e8 possibile vedere l'incontro del mare Adriatico con il mar Ionio\",\"breadcrumb\":{\"@id\":\"https:\/\/www.vieste.it\/tour\/santa-maria-di-leuca-cosa-vedere\/#breadcrumb\"},\"inLanguage\":\"it-IT\",\"potentialAction\":[{\"@type\":\"ReadAction\",\"target\":[\"https:\/\/www.vieste.it\/tour\/santa-maria-di-leuca-cosa-vedere\/\"]}]},{\"@type\":\"ImageObject\",\"inLanguage\":\"it-IT\",\"@id\":\"https:\/\/www.vieste.it\/tour\/santa-maria-di-leuca-cosa-vedere\/#primaryimage\",\"url\":\"https:\/\/www.vieste.it\/tour\/wp-content\/uploads\/2022\/08\/ciolo-santa-maria-di-leuca.jpg\",\"contentUrl\":\"https:\/\/www.vieste.it\/tour\/wp-content\/uploads\/2022\/08\/ciolo-santa-maria-di-leuca.jpg\",\"width\":1200,\"height\":610},{\"@type\":\"BreadcrumbList\",\"@id\":\"https:\/\/www.vieste.it\/tour\/santa-maria-di-leuca-cosa-vedere\/#breadcrumb\",\"itemListElement\":[{\"@type\":\"ListItem\",\"position\":1,\"name\":\"Home\",\"item\":\"https:\/\/www.vieste.it\/tour\/\"},{\"@type\":\"ListItem\",\"position\":2,\"name\":\"Santa Maria di Leuca cosa vedere\"}]},{\"@type\":\"WebSite\",\"@id\":\"https:\/\/www.vieste.it\/tour\/#website\",\"url\":\"https:\/\/www.vieste.it\/tour\/\",\"name\":\"Vieste e dintorni\",\"description\":\"\",\"publisher\":{\"@id\":\"https:\/\/www.vieste.it\/tour\/#organization\"},\"potentialAction\":[{\"@type\":\"SearchAction\",\"target\":{\"@type\":\"EntryPoint\",\"urlTemplate\":\"https:\/\/www.vieste.it\/tour\/?s={search_term_string}\"},\"query-input\":{\"@type\":\"PropertyValueSpecification\",\"valueRequired\":true,\"valueName\":\"search_term_string\"}}],\"inLanguage\":\"it-IT\"},{\"@type\":\"Organization\",\"@id\":\"https:\/\/www.vieste.it\/tour\/#organization\",\"name\":\"Vieste.it\",\"url\":\"https:\/\/www.vieste.it\/tour\/\",\"logo\":{\"@type\":\"ImageObject\",\"inLanguage\":\"it-IT\",\"@id\":\"https:\/\/www.vieste.it\/tour\/#\/schema\/logo\/image\/\",\"url\":\"https:\/\/www.vieste.it\/tour\/wp-content\/uploads\/2020\/11\/logoviesteit.png\",\"contentUrl\":\"https:\/\/www.vieste.it\/tour\/wp-content\/uploads\/2020\/11\/logoviesteit.png\",\"width\":170,\"height\":75,\"caption\":\"Vieste.it\"},\"image\":{\"@id\":\"https:\/\/www.vieste.it\/tour\/#\/schema\/logo\/image\/\"}}]}<\/script>\n<!-- \/ Yoast SEO plugin. -->","yoast_head_json":{"title":"Santa Maria di Leuca cosa vedere - Vieste e dintorni","description":"A Santa Maria di Leuca che si trova sul punto pi\u00f9 meridionale della Puglia, \u00e8 possibile vedere l'incontro del mare Adriatico con il mar Ionio","robots":{"index":"index","follow":"follow","max-snippet":"max-snippet:-1","max-image-preview":"max-image-preview:large","max-video-preview":"max-video-preview:-1"},"canonical":"https:\/\/www.vieste.it\/tour\/santa-maria-di-leuca-cosa-vedere\/","og_locale":"it_IT","og_type":"article","og_title":"Santa Maria di Leuca cosa vedere - Vieste e dintorni","og_description":"A Santa Maria di Leuca che si trova sul punto pi\u00f9 meridionale della Puglia, \u00e8 possibile vedere l'incontro del mare Adriatico con il mar Ionio","og_url":"https:\/\/www.vieste.it\/tour\/santa-maria-di-leuca-cosa-vedere\/","og_site_name":"Vieste e dintorni","article_modified_time":"2022-08-14T09:38:22+00:00","og_image":[{"url":"https:\/\/www.vieste.it\/tour\/wp-content\/uploads\/2022\/08\/ciolo-santa-maria-di-leuca-300x153.jpg","type":"","width":"","height":""}],"twitter_card":"summary_large_image","twitter_misc":{"Tempo di lettura stimato":"3 minuti"},"schema":{"@context":"https:\/\/schema.org","@graph":[{"@type":"WebPage","@id":"https:\/\/www.vieste.it\/tour\/santa-maria-di-leuca-cosa-vedere\/","url":"https:\/\/www.vieste.it\/tour\/santa-maria-di-leuca-cosa-vedere\/","name":"Santa Maria di Leuca cosa vedere - Vieste e dintorni","isPartOf":{"@id":"https:\/\/www.vieste.it\/tour\/#website"},"primaryImageOfPage":{"@id":"https:\/\/www.vieste.it\/tour\/santa-maria-di-leuca-cosa-vedere\/#primaryimage"},"image":{"@id":"https:\/\/www.vieste.it\/tour\/santa-maria-di-leuca-cosa-vedere\/#primaryimage"},"thumbnailUrl":"https:\/\/www.vieste.it\/tour\/wp-content\/uploads\/2022\/08\/ciolo-santa-maria-di-leuca-300x153.jpg","datePublished":"2022-08-13T14:58:08+00:00","dateModified":"2022-08-14T09:38:22+00:00","description":"A Santa Maria di Leuca che si trova sul punto pi\u00f9 meridionale della Puglia, \u00e8 possibile vedere l'incontro del mare Adriatico con il mar Ionio","breadcrumb":{"@id":"https:\/\/www.vieste.it\/tour\/santa-maria-di-leuca-cosa-vedere\/#breadcrumb"},"inLanguage":"it-IT","potentialAction":[{"@type":"ReadAction","target":["https:\/\/www.vieste.it\/tour\/santa-maria-di-leuca-cosa-vedere\/"]}]},{"@type":"ImageObject","inLanguage":"it-IT","@id":"https:\/\/www.vieste.it\/tour\/santa-maria-di-leuca-cosa-vedere\/#primaryimage","url":"https:\/\/www.vieste.it\/tour\/wp-content\/uploads\/2022\/08\/ciolo-santa-maria-di-leuca.jpg","contentUrl":"https:\/\/www.vieste.it\/tour\/wp-content\/uploads\/2022\/08\/ciolo-santa-maria-di-leuca.jpg","width":1200,"height":610},{"@type":"BreadcrumbList","@id":"https:\/\/www.vieste.it\/tour\/santa-maria-di-leuca-cosa-vedere\/#breadcrumb","itemListElement":[{"@type":"ListItem","position":1,"name":"Home","item":"https:\/\/www.vieste.it\/tour\/"},{"@type":"ListItem","position":2,"name":"Santa Maria di Leuca cosa vedere"}]},{"@type":"WebSite","@id":"https:\/\/www.vieste.it\/tour\/#website","url":"https:\/\/www.vieste.it\/tour\/","name":"Vieste e dintorni","description":"","publisher":{"@id":"https:\/\/www.vieste.it\/tour\/#organization"},"potentialAction":[{"@type":"SearchAction","target":{"@type":"EntryPoint","urlTemplate":"https:\/\/www.vieste.it\/tour\/?s={search_term_string}"},"query-input":{"@type":"PropertyValueSpecification","valueRequired":true,"valueName":"search_term_string"}}],"inLanguage":"it-IT"},{"@type":"Organization","@id":"https:\/\/www.vieste.it\/tour\/#organization","name":"Vieste.it","url":"https:\/\/www.vieste.it\/tour\/","logo":{"@type":"ImageObject","inLanguage":"it-IT","@id":"https:\/\/www.vieste.it\/tour\/#\/schema\/logo\/image\/","url":"https:\/\/www.vieste.it\/tour\/wp-content\/uploads\/2020\/11\/logoviesteit.png","contentUrl":"https:\/\/www.vieste.it\/tour\/wp-content\/uploads\/2020\/11\/logoviesteit.png","width":170,"height":75,"caption":"Vieste.it"},"image":{"@id":"https:\/\/www.vieste.it\/tour\/#\/schema\/logo\/image\/"}}]}},"_links":{"self":[{"href":"https:\/\/www.vieste.it\/tour\/wp-json\/wp\/v2\/pages\/1987","targetHints":{"allow":["GET"]}}],"collection":[{"href":"https:\/\/www.vieste.it\/tour\/wp-json\/wp\/v2\/pages"}],"about":[{"href":"https:\/\/www.vieste.it\/tour\/wp-json\/wp\/v2\/types\/page"}],"author":[{"embeddable":true,"href":"https:\/\/www.vieste.it\/tour\/wp-json\/wp\/v2\/users\/1"}],"replies":[{"embeddable":true,"href":"https:\/\/www.vieste.it\/tour\/wp-json\/wp\/v2\/comments?post=1987"}],"version-history":[{"count":18,"href":"https:\/\/www.vieste.it\/tour\/wp-json\/wp\/v2\/pages\/1987\/revisions"}],"predecessor-version":[{"id":2006,"href":"https:\/\/www.vieste.it\/tour\/wp-json\/wp\/v2\/pages\/1987\/revisions\/2006"}],"wp:attachment":[{"href":"https:\/\/www.vieste.it\/tour\/wp-json\/wp\/v2\/media?parent=1987"}],"curies":[{"name":"wp","href":"https:\/\/api.w.org\/{rel}","templated":true}]}}